alculate the greatest common factor of 8004 and 12108.
12
Calculate the greatest common divisor of 7 and 73091.
1
Calculate the greatest common divisor of 83782728 and 34752.
4344
Calculate the highest common divisor of 652 and 261246946.
326
Calculate the highest common divisor of 1040956 and 43757.
2303
What is the greatest common divisor of 489512912 and 560?
112
Calculate the greatest common divisor of 3581003247 and 11607.
11607
Calculate the greatest common divisor of 1544367916 and 26.
26
What is the highest common divisor of 1203994 and 19954?
22
What is the highest common factor of 132379 and 19448?
221
What is the greatest common factor of 77 and 1874866?
7
What is the greatest common factor of 298482596 and 7096?
3548
What is the highest common factor of 19575360 and 320?
320
What is the highest common divisor of 309 and 84193539?
309
Calculate the greatest common divisor of 4 and 6899534.
2
Calculate the highest common divisor of 2033092008 and 2364.
2364
Calculate the highest common divisor of 5456183 and 329.
47
What is the greatest common divisor of 1180 and 41418590?
590
What is the highest common factor of 174795 and 2434935?
4065
Calculate the highest common factor of 39286127 and 317.
317
What is the greatest common divisor of 1675425 and 27861?
753
What is the highest common divisor of 345763 and 58157?
187
Calculate the greatest common factor of 252396232 and 88.
88
Calculate the highest common factor of 2447 and 795624921.
2447
Calculate the greatest common factor of 2752980 and 1836.
204
What is the greatest common factor of 214677 and 187947?
27
Calculate the highest common divisor of 7602 and 74488197.
3801
Calculate the highest common factor of 112 and 2008112.
16
What is the greatest common factor of 13218 and 50807789?
2203
What is the highest common divisor of 7725 and 102575?
25
What is the highest common divisor of 1578 and 273000?
6
What is the greatest common divisor of 663100 and 18620?
380
Calculate the highest common divisor of 44 and 576627788.
44
What is the greatest common factor of 1947 and 18929973?
177
Calculate the highest common divisor of 18877361 and 17.
17
What is the highest common divisor of 54 and 89392806?
18
What is the greatest common divisor of 69842125 and 5?
5
What is the greatest common divisor of 532675 and 278183?
149
Calculate the highest common divisor of 3780 and 145704720.
420
Calculate the highest common divisor of 25300726 and 14518.
2074
What is the highest common divisor of 5 and 281845?
5
Calculate the greatest common factor of 4835 and 54255.
5
Calculate the highest common divisor of 712 and 215908304.
712
Calculate the highest common factor of 4816 and 4046042.
602
Calculate the highest common factor of 163109800 and 1400.
1400
What is the highest common divisor of 188 and 24418474?
94
What is the greatest common factor of 44226516 and 48?
12
Calculate the highest common divisor of 288064 and 109900.
28
What is the greatest common divisor of 358974 and 25530?
222
What is the greatest common divisor of 12832819 and 128673?
841
Calculate the greatest common divisor of 460 and 1636611.
23
Calculate the highest common factor of 32137369 and 33.
11
What is the highest common factor of 457881 and 18?
3
What is the highest common divisor of 38 and 2265218?
38
What is the greatest common divisor of 519402 and 3406?
26
Calculate the highest common divisor of 47709 and 437.
19
Calculate the highest common divisor of 3505 and 74875.
5
What is the greatest common divisor of 1805750 and 10850?
1550
Calculate the greatest common divisor of 156 and 211020.
12
Calculate the greatest common divisor of 202 and 11794982.
202
Calculate the highest common divisor of 2171856 and 464.
16
What is the greatest common divisor of 48 and 41263984?
16
Calculate the greatest common divisor of 20553 and 2111007.
93
What is the highest common divisor of 180300 and 56419476?
7212
Calculate the greatest common divisor of 14771221 and 207.
23
Calculate the greatest common divisor of 5576134 and 529004.
5398
What is the greatest common divisor of 32788274 and 33626?
1462
Calculate the greatest common factor of 18571982 and 416.
26
Calculate the highest common divisor of 1836527 and 10234.
119
Calculate the greatest common factor of 7545 and 985477600.
2515
What is the highest common divisor of 3966 and 633088614?
3966
Calculate the greatest common divisor of 2043 and 294873.
681
Calculate the greatest common factor of 2102936 and 26312.
2024
What is the greatest common factor of 88 and 2519204?
4
What is the greatest common factor of 30 and 19649595?
15
Calculate the highest common divisor of 3451 and 663561.
17
Calculate the highest common factor of 240793 and 440832.
287
Calculate the greatest common factor of 2100280 and 1301712.
4616
What is the greatest common divisor of 1301433 and 2991408?
609
What is the greatest common factor of 80 and 14453?
1
What is the greatest common factor of 760958 and 3278?
22
What is the greatest common factor of 28 and 3395369?
1
What is the highest common divisor of 1078 and 442890?
14
Calculate the greatest common factor of 5936462 and 10738.
826
What is the greatest common divisor of 7514 and 57160154?
578
What is the greatest common factor of 331639 and 2319064?
803
What is the highest common divisor of 1762 and 42445699?
881
Calculate the highest common factor of 4952 and 69656.
8
What is the highest common divisor of 196052475 and 305?
305
Calculate the greatest common divisor of 297168 and 4077.
453
What is the greatest common factor of 14992120 and 132?
44
Calculate the highest common divisor of 45 and 179880.
15
Calculate the highest common factor of 3355189729 and 89.
89
Calculate the highest common divisor of 206220 and 9000.
60
What is the highest common factor of 9 and 126078831?
9
What is the highest common factor of 97108592 and 3248?
112
Calculate the highest common factor of 84 and 12503274.
42
What is the highest common factor of 141449 and 30653?
7
What is the greatest common factor of 39195 and 413145?
45
Calculate the highest common factor of 886416 and 4071.
177
Calculate the highest common factor of 50517729 and 276.
69
Calculate the highest common factor of 19062 and 22571526.
2118
What is the highest common divisor of 480 and 6564?
12
What is the highest common divisor of 1096565 and 25?
5
Calculate the highest common divisor of 3332394 and 15651.
423
Calculate the highest common factor of 571819 and 207969.
383
Calculate the greatest common factor of 439 and 9341042.
439
Calculate the greatest common divisor of 19437444 and 164.
164
What is the greatest common factor of 6468068 and 88126?
634
What is the highest common factor of 5787045 and 3015?
45
Calculate the greatest common divisor of 9773770 and 15150.
1010
Calculate the highest common factor of 3509 and 5038286.
319
What is the highest common factor of 47101692 and 264?
132
Calculate the highest common divisor of 22734 and 4338826.
842
What is the greatest common divisor of 8141419 and 286?
143
What is the greatest common divisor of 42130 and 67430?
110
What is the greatest common divisor of 45 and 10272835?
5
Calculate the greatest common factor of 1903286 and 2398.
22
What is the greatest common factor of 789504 and 144?
48
What is the greatest common divisor of 204 and 7490115?
51
Calculate the highest common divisor of 2587 and 215005570.
2587
Calculate the greatest common divisor of 58840 and 9229054.
2942
Calculate the greatest common divisor of 21307 and 3909015.
1639
Calculate the greatest common divisor of 2147275 and 2275.
325
What is the highest common factor of 3292 and 39628?
4
Calculate the greatest common divisor of 276513892 and 674.
674
What is the highest common factor of 88 and 7342984?
88
What is the highest common divisor of 34510 and 1142890?
2030
Calculate the greatest common factor of 6066 and 687006.
18
What is the highest common factor of 54 and 1737762525?
27
Calculate the highest common divisor of 21107174 and 44.
22
What is the highest common divisor of 89 and 12396?
1
Calculate the highest common divisor of 9828 and 72646119.
2457
Calculate the highest common factor of 688307 and 10407649.
1597
Calculate the greatest common divisor of 53152 and 172442.
302
W